{"id":3879,"date":"2020-10-04T11:50:02","date_gmt":"2020-10-04T11:50:02","guid":{"rendered":"https:\/\/meisel-strassenbau.de\/?page_id=3879"},"modified":"2020-10-05T10:05:12","modified_gmt":"2020-10-05T10:05:12","slug":"wir-suchen-sie","status":"publish","type":"page","link":"https:\/\/meisel-strassenbau.de\/?page_id=3879","title":{"rendered":"Wir suchen Sie!"},"content":{"rendered":"<div id='full_slider_1'  class='avia-fullwidth-slider main_color avia-shadow   avia-builder-el-0  el_before_av_one_half  avia-builder-el-first   container_wrap sidebar_right'  >\n<style type=\"text\/css\" data-created_by=\"avia_inline_auto\" id=\"style-css-av-kfv1c2wo-105cdcf264ea5072e5f15c0635672690\">\n#top #wrap_all .avia-slideshow .av-slideshow-caption.av-kfv1c2wo-105cdcf264ea5072e5f15c0635672690__0 .avia-caption-title{\nfont-size:40px;\n}\n#top .avia-slideshow .av-slideshow-caption.av-kfv1c2wo-105cdcf264ea5072e5f15c0635672690__0 .avia-caption-content{\nfont-size:50px;\n}\n#top .avia-slideshow .av-slideshow-caption.av-kfv1c2wo-105cdcf264ea5072e5f15c0635672690__0 .avia-caption-content p{\nfont-size:50px;\n}\n<\/style>\n<div  class='avia-slideshow av-kfv1c2wo-105cdcf264ea5072e5f15c0635672690 avia-slideshow-featured av_slideshow_full avia-slide-slider av-slideshow-ui av-control-default av-slideshow-manual av-loop-once av-loop-manual-endless av-default-height-applied   avia-slideshow-1' data-slideshow-options=\"{&quot;animation&quot;:&quot;slide&quot;,&quot;autoplay&quot;:false,&quot;loop_autoplay&quot;:&quot;once&quot;,&quot;interval&quot;:5,&quot;loop_manual&quot;:&quot;manual-endless&quot;,&quot;autoplay_stopper&quot;:false,&quot;noNavigation&quot;:false,&quot;bg_slider&quot;:false,&quot;keep_padding&quot;:false,&quot;hoverpause&quot;:false,&quot;show_slide_delay&quot;:0}\"  itemprop=\"image\" itemscope=\"itemscope\" itemtype=\"https:\/\/schema.org\/ImageObject\" ><ul class='avia-slideshow-inner ' style='padding-bottom: 50.588235294118%;'><li  class='avia-slideshow-slide av-kfv1c2wo-105cdcf264ea5072e5f15c0635672690__0  av-single-slide slide-1 slide-odd'><div data-rel='slideshow-1' class='avia-slide-wrap '   ><img decoding=\"async\" fetchpriority=\"high\" class=\"wp-image-3816 avia-img-lazy-loading-not-3816\"  src=\"https:\/\/meisel-strassenbau.de\/wp-content\/uploads\/2020\/04\/Fotolia_35287315_S-850x430.jpg\" width=\"850\" height=\"430\" title='pflastern' alt=''  itemprop=\"thumbnailUrl\"   \/><\/div><\/li><\/ul><div class='av-slideshow-caption av-kfv1c2wo-105cdcf264ea5072e5f15c0635672690__0 caption_fullwidth caption_center caption_center_framed caption_framed'><div class=\"container caption_container\"><div class=\"slideshow_caption\"><div class=\"slideshow_inner_caption\"><div class=\"slideshow_align_caption\"><h2 class='avia-caption-title '  itemprop=\"name\" >Wir suchen Sie!<\/h2><\/div><\/div><\/div><\/div><\/div><\/div><\/div><div id='after_full_slider_1'  class='main_color av_default_container_wrap container_wrap sidebar_right'  ><div class='container av-section-cont-open' ><div class='template-page content  av-content-small alpha units'><div class='post-entry post-entry-type-page post-entry-3879'><div class='entry-content-wrapper clearfix'>\n\n<style type=\"text\/css\" data-created_by=\"avia_inline_auto\" id=\"style-css-av-6bf0xj-163bfd1e45206c96f643e16482a56695\">\n.flex_column.av-6bf0xj-163bfd1e45206c96f643e16482a56695{\nborder-radius:0px 0px 0px 0px;\npadding:0px 0px 0px 0px;\n}\n<\/style>\n<div  class='flex_column av-6bf0xj-163bfd1e45206c96f643e16482a56695 av_one_half  avia-builder-el-1  el_after_av_slideshow_full  el_before_av_one_half  avia-builder-el-first  first flex_column_div av-zero-column-padding  '     ><p>\n<style type=\"text\/css\" data-created_by=\"avia_inline_auto\" id=\"style-css-av-av_heading-4483ac9073deb8a2c37e406dc9193471\">\n#top .av-special-heading.av-av_heading-4483ac9073deb8a2c37e406dc9193471{\npadding-bottom:10px;\n}\nbody .av-special-heading.av-av_heading-4483ac9073deb8a2c37e406dc9193471 .av-special-heading-tag .heading-char{\nfont-size:25px;\n}\n.av-special-heading.av-av_heading-4483ac9073deb8a2c37e406dc9193471 .av-subheading{\nfont-size:15px;\n}\n<\/style>\n<div  class='av-special-heading av-av_heading-4483ac9073deb8a2c37e406dc9193471 av-special-heading-h1 blockquote modern-quote modern-centered  avia-builder-el-2  el_before_av_hr  avia-builder-el-first '><h1 class='av-special-heading-tag '  itemprop=\"headline\"  >Bringen Sie Ihre Zukunft mit uns auf den Weg!<\/h1><div class=\"special-heading-border\"><div class=\"special-heading-inner-border\"><\/div><\/div><\/div><br \/>\n\n<style type=\"text\/css\" data-created_by=\"avia_inline_auto\" id=\"style-css-av-kfv25lta-ab43931db7d745ccf9ddf0794ec8d29e\">\n#top .hr.hr-invisible.av-kfv25lta-ab43931db7d745ccf9ddf0794ec8d29e{\nheight:50px;\n}\n<\/style>\n<div  class='hr av-kfv25lta-ab43931db7d745ccf9ddf0794ec8d29e hr-invisible  avia-builder-el-3  el_after_av_heading  el_before_av_textblock '><span class='hr-inner '><span class=\"hr-inner-style\"><\/span><\/span><\/div><br \/>\n<section  class='av_textblock_section av-kfv2370y-12e234dd586d03ce1f356cc6b23af9cd '   itemscope=\"itemscope\" itemtype=\"https:\/\/schema.org\/CreativeWork\" ><div class='avia_textblock'  itemprop=\"text\" ><h2 style=\"text-align: center;\"><strong>Stellenangebot als Stra\u00dfenbauer oder Tiefbaufacharbeiter (m\/w\/d)<\/strong><\/h2>\n<\/div><\/section><br \/>\n<section  class='av_textblock_section av-kfv27ttd-74fa2a6eee30b8580bed0b13a6715359 '   itemscope=\"itemscope\" itemtype=\"https:\/\/schema.org\/CreativeWork\" ><div class='avia_textblock'  itemprop=\"text\" ><p>Wir sind ein Handwerksunternehmen im Bereich Stra\u00dfen- und Tiefbau. Unsere Kunden kommen aus der Klassikerstadt Weimar oder dem n\u00e4heren Umfeld. Mit modernen Materialen, ausgereifter Technik und Leidenschaft realisieren wir unsere Auftr\u00e4ge. Die lange Tradition des Unternehmen unterstreicht dies.<\/p>\n<p>Zur Verst\u00e4rkung unseres Teams bieten wir ab sofort eine Vollzeitstelle und unbefristet einen Stra\u00dfen- und Tiefbauer, oder alternativ einen Helfer-Tiefbau (m\/w\/d).<\/p>\n<\/div><\/section><\/p><\/div>\n<style type=\"text\/css\" data-created_by=\"avia_inline_auto\" id=\"style-css-av-4kisl3-eff046caf67374a61465d9dc72e276ba\">\n.flex_column.av-4kisl3-eff046caf67374a61465d9dc72e276ba{\nborder-radius:0px 0px 0px 0px;\npadding:0px 0px 0px 0px;\n}\n<\/style>\n<div  class='flex_column av-4kisl3-eff046caf67374a61465d9dc72e276ba av_one_half  avia-builder-el-6  el_after_av_one_half  el_before_av_one_full  flex_column_div av-zero-column-padding  '     ><section  class='av_textblock_section av-kfv2rhib-89ea8d5cf627e1a9c4364a6c15d62e6a '   itemscope=\"itemscope\" itemtype=\"https:\/\/schema.org\/CreativeWork\" ><div class='avia_textblock'  itemprop=\"text\" ><h3><strong>Was sollten Sie mitbringen?<\/strong><\/h3>\n<ul>\n<li>\u00a0<strong>Eine abgeschlossene Ausbildung als Stra\u00dfenbauer, Tiefbauer, Pflasterer oder <\/strong><strong>Steinsetzer (m\/w\/d) ist w\u00fcnschenswert.<\/strong> Es k\u00f6nnen sich jedoch auch Quereinsteiger mit entsprechender Berufserfahrung bei uns bewerben. Bewerber\/innen aus anderen Handwerksberufen, aus dem Bereich Garten- und Landschaftsbau oder auch Berufskraftfahrer\/innen (m\/w\/d) sind ebenso willkommen. Eine entsprechende Einarbeitung wird durch uns gew\u00e4hrleistet.<\/li>\n<li><strong>Der F\u00fchrerschein Kl. C1E f\u00fcr LKW bis 7,5 t mit Anh\u00e4nger ist erforderlich.<\/strong> Sie k\u00f6nnen den Lehrgang auch nach Besch\u00e4ftigungsbeginn ggf. noch nachholen. Das Vorhandensein des PKW-F\u00fchrerscheins Kl. B ist daher zwingende Voraussetzung.<\/li>\n<\/ul>\n<\/div><\/section><br \/>\n<section  class='av_textblock_section av-kfv2rhib-89ea8d5cf627e1a9c4364a6c15d62e6a '   itemscope=\"itemscope\" itemtype=\"https:\/\/schema.org\/CreativeWork\" ><div class='avia_textblock'  itemprop=\"text\" ><h3><strong>Was bieten wir?<\/strong><\/h3>\n<ul>\n<li>ein famili\u00e4res Unternehmen &amp; ein motiviertes Team<\/li>\n<li>moderne Technik<\/li>\n<li>eine leistungsgerechte Verg\u00fctung<\/li>\n<li>Wir sind im Umkreis von ca. 50 km von Weimar t\u00e4tig. <strong>Keine Montaget\u00e4tigkeit!<\/strong>\u00a0 Eine t\u00e4gliche Heimkehr ist somit gew\u00e4hrleistet. Zu den Baustellen geht es mit dem Firmenfahrzeug. Die Fahrzeit z\u00e4hlt bereits zur Arbeitszeit.<\/li>\n<li>Tankgutschein 1x im Monat zur privaten Nutzung<\/li>\n<\/ul>\n<\/div><\/section><br \/>\n<section  class='av_textblock_section av-kfv2rhib-89ea8d5cf627e1a9c4364a6c15d62e6a '   itemscope=\"itemscope\" itemtype=\"https:\/\/schema.org\/CreativeWork\" ><div class='avia_textblock'  itemprop=\"text\" ><h3>Bei Interesse freuen wir uns \u00fcber Ihre Bewerbung<\/h3>\n<ul>\n<li>per E-Mail an info@meiselstrassenbau.de<\/li>\n<li>telefonisch unter der Tel. 03643\/ 426 263<\/li>\n<li>oder auf dem Postweg: Meisel-Stra\u00dfenbau, D\u00f6bereinerstra\u00dfe 33, 99427 Weimar<\/li>\n<\/ul>\n<p>Gern k\u00f6nnen Sie auch pers\u00f6nlich Kontakt mit uns aufnehmen.<\/p>\n<p>Ihr Ansprechpartner: Herr Meisel\u00a0 (Inhaber)<\/p>\n<\/div><\/section><\/p><\/div><\/p>\n\n<style type=\"text\/css\" data-created_by=\"avia_inline_auto\" id=\"style-css-av-2ra447-fc8fa8dcccef1dba70ade1b97a764988\">\n.flex_column.av-2ra447-fc8fa8dcccef1dba70ade1b97a764988{\nborder-radius:0px 0px 0px 0px;\npadding:0px 0px 0px 0px;\n}\n<\/style>\n<div  class='flex_column av-2ra447-fc8fa8dcccef1dba70ade1b97a764988 av_one_full  avia-builder-el-10  el_after_av_one_half  avia-builder-el-last  first flex_column_div av-zero-column-padding  column-top-margin'     ><\/div>\n","protected":false},"excerpt":{"rendered":"","protected":false},"author":1,"featured_media":0,"parent":0,"menu_order":0,"comment_status":"closed","ping_status":"closed","template":"","meta":{"footnotes":""},"class_list":["post-3879","page","type-page","status-publish","hentry"],"_links":{"self":[{"href":"https:\/\/meisel-strassenbau.de\/index.php?rest_route=\/wp\/v2\/pages\/3879","targetHints":{"allow":["GET"]}}],"collection":[{"href":"https:\/\/meisel-strassenbau.de\/index.php?rest_route=\/wp\/v2\/pages"}],"about":[{"href":"https:\/\/meisel-strassenbau.de\/index.php?rest_route=\/wp\/v2\/types\/page"}],"author":[{"embeddable":true,"href":"https:\/\/meisel-strassenbau.de\/index.php?rest_route=\/wp\/v2\/users\/1"}],"replies":[{"embeddable":true,"href":"https:\/\/meisel-strassenbau.de\/index.php?rest_route=%2Fwp%2Fv2%2Fcomments&post=3879"}],"version-history":[{"count":13,"href":"https:\/\/meisel-strassenbau.de\/index.php?rest_route=\/wp\/v2\/pages\/3879\/revisions"}],"predecessor-version":[{"id":3895,"href":"https:\/\/meisel-strassenbau.de\/index.php?rest_route=\/wp\/v2\/pages\/3879\/revisions\/3895"}],"wp:attachment":[{"href":"https:\/\/meisel-strassenbau.de\/index.php?rest_route=%2Fwp%2Fv2%2Fmedia&parent=3879"}],"curies":[{"name":"wp","href":"https:\/\/api.w.org\/{rel}","templated":true}]}}