{"id":3791,"date":"2020-04-26T09:35:21","date_gmt":"2020-04-26T09:35:21","guid":{"rendered":"https:\/\/meisel-strassenbau.de\/?page_id=3791"},"modified":"2020-05-07T08:54:49","modified_gmt":"2020-05-07T08:54:49","slug":"leistungen","status":"publish","type":"page","link":"https:\/\/meisel-strassenbau.de\/?page_id=3791","title":{"rendered":"Leistungen"},"content":{"rendered":"<div id='full_slider_1'  class='avia-fullwidth-slider main_color avia-shadow   avia-builder-el-0  el_before_av_one_third  avia-builder-el-first   container_wrap sidebar_right'  ><div  class='avia-slideshow av-k9gz71ac-ffa782ac2cdb61d6d023343ee56a99b8 avia-slideshow-featured av_slideshow_full avia-slide-slider av-slideshow-ui av-control-default av-slideshow-manual av-loop-once av-loop-manual-endless av-default-height-applied  image_no_stretch avia-slideshow-1' data-slideshow-options=\"{&quot;animation&quot;:&quot;slide&quot;,&quot;autoplay&quot;:false,&quot;loop_autoplay&quot;:&quot;once&quot;,&quot;interval&quot;:5,&quot;loop_manual&quot;:&quot;manual-endless&quot;,&quot;autoplay_stopper&quot;:false,&quot;noNavigation&quot;:false,&quot;bg_slider&quot;:false,&quot;keep_padding&quot;:false,&quot;hoverpause&quot;:false,&quot;show_slide_delay&quot;:0}\"  itemprop=\"image\" itemscope=\"itemscope\" itemtype=\"https:\/\/schema.org\/ImageObject\" ><ul class='avia-slideshow-inner ' style='padding-bottom: 53.75%;'><li  class='avia-slideshow-slide av-k9gz71ac-ffa782ac2cdb61d6d023343ee56a99b8__0  slide-1 slide-odd'><div data-rel='slideshow-1' class='avia-slide-wrap '   ><img decoding=\"async\" fetchpriority=\"high\" class=\"wp-image-3812 avia-img-lazy-loading-not-3812\"  src=\"https:\/\/meisel-strassenbau.de\/wp-content\/uploads\/2020\/04\/DSCI0298-800x430.jpg\" width=\"800\" height=\"430\" title='DSCI0298' alt=''  itemprop=\"thumbnailUrl\"   \/><\/div><\/li><li  class='avia-slideshow-slide av-k9gz71ac-ffa782ac2cdb61d6d023343ee56a99b8__1  slide-2 slide-even'><div data-rel='slideshow-1' class='avia-slide-wrap '   ><img decoding=\"async\" fetchpriority=\"high\" class=\"wp-image-3798 avia-img-lazy-loading-not-3798\"  src=\"https:\/\/meisel-strassenbau.de\/wp-content\/uploads\/2020\/04\/12b.jpg\" width=\"600\" height=\"400\" title='12b' alt=''  itemprop=\"thumbnailUrl\" srcset=\"https:\/\/meisel-strassenbau.de\/wp-content\/uploads\/2020\/04\/12b.jpg 600w, https:\/\/meisel-strassenbau.de\/wp-content\/uploads\/2020\/04\/12b-300x200.jpg 300w\" sizes=\"(max-width: 600px) 100vw, 600px\" \/><\/div><\/li><li  class='avia-slideshow-slide av-k9gz71ac-ffa782ac2cdb61d6d023343ee56a99b8__2  slide-3 slide-odd'><div data-rel='slideshow-1' class='avia-slide-wrap '   ><img decoding=\"async\" fetchpriority=\"high\" class=\"wp-image-3809 avia-img-lazy-loading-not-3809\"  src=\"https:\/\/meisel-strassenbau.de\/wp-content\/uploads\/2020\/04\/DSCI0295-800x430.jpg\" width=\"800\" height=\"430\" title='DSCI0295' alt=''  itemprop=\"thumbnailUrl\"   \/><\/div><\/li><li  class='avia-slideshow-slide av-k9gz71ac-ffa782ac2cdb61d6d023343ee56a99b8__3  slide-4 slide-even'><div data-rel='slideshow-1' class='avia-slide-wrap '   ><img decoding=\"async\" fetchpriority=\"high\" class=\"wp-image-3805 avia-img-lazy-loading-not-3805\"  src=\"https:\/\/meisel-strassenbau.de\/wp-content\/uploads\/2020\/04\/DSCI0289-1024x430.jpg\" width=\"1024\" height=\"430\" title='DSCI0289' alt=''  itemprop=\"thumbnailUrl\"   \/><\/div><\/li><li  class='avia-slideshow-slide av-k9gz71ac-ffa782ac2cdb61d6d023343ee56a99b8__4  slide-5 slide-odd'><div data-rel='slideshow-1' class='avia-slide-wrap '   ><img decoding=\"async\" fetchpriority=\"high\" class=\"wp-image-3795 avia-img-lazy-loading-not-3795\"  src=\"https:\/\/meisel-strassenbau.de\/wp-content\/uploads\/2020\/04\/2.jpg\" width=\"600\" height=\"400\" title='2' alt=''  itemprop=\"thumbnailUrl\" srcset=\"https:\/\/meisel-strassenbau.de\/wp-content\/uploads\/2020\/04\/2.jpg 600w, https:\/\/meisel-strassenbau.de\/wp-content\/uploads\/2020\/04\/2-300x200.jpg 300w\" sizes=\"(max-width: 600px) 100vw, 600px\" \/><\/div><\/li><li  class='avia-slideshow-slide av-k9gz71ac-ffa782ac2cdb61d6d023343ee56a99b8__5  slide-6 slide-even'><div data-rel='slideshow-1' class='avia-slide-wrap '   ><img decoding=\"async\" fetchpriority=\"high\" class=\"wp-image-3807 avia-img-lazy-loading-not-3807\"  src=\"https:\/\/meisel-strassenbau.de\/wp-content\/uploads\/2020\/04\/DSCI0292-800x430.jpg\" width=\"800\" height=\"430\" title='DSCI0292' alt=''  itemprop=\"thumbnailUrl\"   \/><\/div><\/li><li  class='avia-slideshow-slide av-k9gz71ac-ffa782ac2cdb61d6d023343ee56a99b8__6  slide-7 slide-odd'><div data-rel='slideshow-1' class='avia-slide-wrap '   ><img decoding=\"async\" fetchpriority=\"high\" class=\"wp-image-3818 avia-img-lazy-loading-not-3818\"  src=\"https:\/\/meisel-strassenbau.de\/wp-content\/uploads\/2020\/04\/mauerwerk-862x430.jpg\" width=\"862\" height=\"430\" title='mauerwerk' alt=''  itemprop=\"thumbnailUrl\"   \/><\/div><\/li><li  class='avia-slideshow-slide av-k9gz71ac-ffa782ac2cdb61d6d023343ee56a99b8__7  slide-8 slide-even'><div data-rel='slideshow-1' class='avia-slide-wrap '   ><img decoding=\"async\" fetchpriority=\"high\" class=\"wp-image-3673 avia-img-lazy-loading-not-3673\"  src=\"https:\/\/meisel-strassenbau.de\/wp-content\/uploads\/2019\/07\/5.jpg\" width=\"600\" height=\"400\" title='5' alt=''  itemprop=\"thumbnailUrl\" srcset=\"https:\/\/meisel-strassenbau.de\/wp-content\/uploads\/2019\/07\/5.jpg 600w, https:\/\/meisel-strassenbau.de\/wp-content\/uploads\/2019\/07\/5-300x200.jpg 300w, https:\/\/meisel-strassenbau.de\/wp-content\/uploads\/2019\/07\/5-450x300.jpg 450w\" sizes=\"(max-width: 600px) 100vw, 600px\" \/><\/div><\/li><li  class='avia-slideshow-slide av-k9gz71ac-ffa782ac2cdb61d6d023343ee56a99b8__8  slide-9 slide-odd'><div data-rel='slideshow-1' class='avia-slide-wrap '   ><img decoding=\"async\" fetchpriority=\"high\" class=\"wp-image-3706 avia-img-lazy-loading-not-3706\"  src=\"https:\/\/meisel-strassenbau.de\/wp-content\/uploads\/2019\/07\/pool.jpg\" width=\"600\" height=\"400\" title='pool' alt=''  itemprop=\"thumbnailUrl\" srcset=\"https:\/\/meisel-strassenbau.de\/wp-content\/uploads\/2019\/07\/pool.jpg 600w, https:\/\/meisel-strassenbau.de\/wp-content\/uploads\/2019\/07\/pool-300x200.jpg 300w, https:\/\/meisel-strassenbau.de\/wp-content\/uploads\/2019\/07\/pool-450x300.jpg 450w\" sizes=\"(max-width: 600px) 100vw, 600px\" \/><\/div><\/li><\/ul><div class='avia-slideshow-arrows avia-slideshow-controls' ><a href='#prev' class='prev-slide  avia-svg-icon avia-font-svg_entypo-fontello' data-av_svg_icon='left-open-big' data-av_iconset='svg_entypo-fontello' tabindex='-1' title=\"Zur\u00fcck\"><svg version=\"1.1\" xmlns=\"http:\/\/www.w3.org\/2000\/svg\" width=\"15\" height=\"32\" viewBox=\"0 0 15 32\" preserveAspectRatio=\"xMidYMid meet\" aria-labelledby='av-svg-title-1' aria-describedby='av-svg-desc-1' role=\"graphics-symbol\" aria-hidden=\"true\">\n<title id='av-svg-title-1'>Zur\u00fcck<\/title>\n<desc id='av-svg-desc-1'>Zur\u00fcck<\/desc>\n<path d=\"M14.464 27.84q0.832 0.832 0 1.536-0.832 0.832-1.536 0l-12.544-12.608q-0.768-0.768 0-1.6l12.544-12.608q0.704-0.832 1.536 0 0.832 0.704 0 1.536l-11.456 11.904z\"><\/path>\n<\/svg><span class='avia_hidden_link_text'>Zur\u00fcck<\/span><\/a><a href='#next' class='next-slide  avia-svg-icon avia-font-svg_entypo-fontello' data-av_svg_icon='right-open-big' data-av_iconset='svg_entypo-fontello' tabindex='-1' title=\"Weiter\"><svg version=\"1.1\" xmlns=\"http:\/\/www.w3.org\/2000\/svg\" width=\"15\" height=\"32\" viewBox=\"0 0 15 32\" preserveAspectRatio=\"xMidYMid meet\" aria-labelledby='av-svg-title-2' aria-describedby='av-svg-desc-2' role=\"graphics-symbol\" aria-hidden=\"true\">\n<title id='av-svg-title-2'>Weiter<\/title>\n<desc id='av-svg-desc-2'>Weiter<\/desc>\n<path d=\"M0.416 27.84l11.456-11.84-11.456-11.904q-0.832-0.832 0-1.536 0.832-0.832 1.536 0l12.544 12.608q0.768 0.832 0 1.6l-12.544 12.608q-0.704 0.832-1.536 0-0.832-0.704 0-1.536z\"><\/path>\n<\/svg><span class='avia_hidden_link_text'>Weiter<\/span><\/a><\/div><div class='avia-slideshow-dots avia-slideshow-controls'><a href='#1' class='goto-slide active' >1<\/a><a href='#2' class='goto-slide ' >2<\/a><a href='#3' class='goto-slide ' >3<\/a><a href='#4' class='goto-slide ' >4<\/a><a href='#5' class='goto-slide ' >5<\/a><a href='#6' class='goto-slide ' >6<\/a><a href='#7' class='goto-slide ' >7<\/a><a href='#8' class='goto-slide ' >8<\/a><a href='#9' class='goto-slide ' >9<\/a><\/div><\/div><\/div><div id='after_full_slider_1'  class='main_color av_default_container_wrap container_wrap sidebar_right'  ><div class='container av-section-cont-open' ><div class='template-page content  av-content-small alpha units'><div class='post-entry post-entry-type-page post-entry-3791'><div class='entry-content-wrapper clearfix'>\n\n<style type=\"text\/css\" data-created_by=\"avia_inline_auto\" id=\"style-css-av-b0uk73-bf274fae9907f802dfe4a5ed4261cf78\">\n.flex_column.av-b0uk73-bf274fae9907f802dfe4a5ed4261cf78{\nborder-radius:0px 0px 0px 0px;\npadding:0px 0px 0px 0px;\n}\n<\/style>\n<div  class='flex_column av-b0uk73-bf274fae9907f802dfe4a5ed4261cf78 av_one_third  avia-builder-el-1  el_after_av_slideshow_full  el_before_av_one_third  avia-builder-el-first  first flex_column_div av-zero-column-padding  '     ><p>\n<style type=\"text\/css\" data-created_by=\"avia_inline_auto\" id=\"style-css-av-av_heading-4e885abb29515ec6b34348e03b9ad6b4\">\n#top .av-special-heading.av-av_heading-4e885abb29515ec6b34348e03b9ad6b4{\npadding-bottom:10px;\n}\nbody .av-special-heading.av-av_heading-4e885abb29515ec6b34348e03b9ad6b4 .av-special-heading-tag .heading-char{\nfont-size:25px;\n}\n.av-special-heading.av-av_heading-4e885abb29515ec6b34348e03b9ad6b4 .av-subheading{\nfont-size:15px;\n}\n<\/style>\n<div  class='av-special-heading av-av_heading-4e885abb29515ec6b34348e03b9ad6b4 av-special-heading-h4  avia-builder-el-2  el_before_av_textblock  avia-builder-el-first '><h4 class='av-special-heading-tag '  itemprop=\"headline\"  >Stra\u00dfenbau <span class='special_amp'>&amp;<\/span> Pflasterarbeiten:<\/h4><div class=\"special-heading-border\"><div class=\"special-heading-inner-border\"><\/div><\/div><\/div><br \/>\n<section  class='av_textblock_section av-k9guv2zo-60b39454b90e39d9d234462f02f07539 '   itemscope=\"itemscope\" itemtype=\"https:\/\/schema.org\/CreativeWork\" ><div class='avia_textblock'  itemprop=\"text\" ><ul>\n<li>Gestaltung von Gehwegen, Einfahrten,<br \/>\nTerrassen oder Gartenwegen<br \/>\nmit Naturstein-und Betonsteinpflaster<\/li>\n<li>Randeinfassung mit Natur-und Beton-<br \/>\nbordsteinen<\/li>\n<li>Bitumenarbeiten f\u00fcr Kleinfl\u00e4chen<\/li>\n<li>Gestaltung von Einfassungen mit Palisaden<\/li>\n<li>Treppenanlagen<\/li>\n<li>Setzen von Natursteinmauern<\/li>\n<li>Hangbefestigungen<\/li>\n<\/ul>\n<\/div><\/section><\/p><\/div>\n<style type=\"text\/css\" data-created_by=\"avia_inline_auto\" id=\"style-css-av-30rbzz-743d4656f7747f7d18eb0f4ed0e0014a\">\n.flex_column.av-30rbzz-743d4656f7747f7d18eb0f4ed0e0014a{\nborder-radius:0px 0px 0px 0px;\npadding:0px 0px 0px 0px;\n}\n<\/style>\n<div  class='flex_column av-30rbzz-743d4656f7747f7d18eb0f4ed0e0014a av_one_third  avia-builder-el-4  el_after_av_one_third  el_before_av_one_third  flex_column_div av-zero-column-padding  '     ><p>\n<style type=\"text\/css\" data-created_by=\"avia_inline_auto\" id=\"style-css-av-k9gykijj-21f7f41d3f0c8654ffc40874db8b6c33\">\n#top .av-special-heading.av-k9gykijj-21f7f41d3f0c8654ffc40874db8b6c33{\npadding-bottom:10px;\n}\nbody .av-special-heading.av-k9gykijj-21f7f41d3f0c8654ffc40874db8b6c33 .av-special-heading-tag .heading-char{\nfont-size:25px;\n}\n.av-special-heading.av-k9gykijj-21f7f41d3f0c8654ffc40874db8b6c33 .av-subheading{\nfont-size:15px;\n}\n<\/style>\n<div  class='av-special-heading av-k9gykijj-21f7f41d3f0c8654ffc40874db8b6c33 av-special-heading-h4  avia-builder-el-5  el_before_av_textblock  avia-builder-el-first '><h4 class='av-special-heading-tag '  itemprop=\"headline\"  >Tiefbau<\/h4><div class=\"special-heading-border\"><div class=\"special-heading-inner-border\"><\/div><\/div><\/div><br \/>\n<section  class='av_textblock_section av-k9guuib6-2fcd892e1ecb1047b43507039005a218 '   itemscope=\"itemscope\" itemtype=\"https:\/\/schema.org\/CreativeWork\" ><div class='avia_textblock'  itemprop=\"text\" ><p>&#8211; s\u00e4mtliche anfallende Erdarbeiten<br \/>\n&#8211; Rohrleitungsbauarbeiten innerhalb<br \/>\nund ausserhalb von Geb\u00e4uden<br \/>\n&#8211; Verlegen von Abwasser- und<br \/>\nRegenwasserrohren<br \/>\n&#8211; Setzen der Kontrollsch\u00e4chte<br \/>\n&#8211; Liefern und Einbauen von Regenwasser-<br \/>\nsammelbeh\u00e4ltern (Zisternen)<\/p>\n<\/div><\/section><\/p><\/div><\/p>\n\n<style type=\"text\/css\" data-created_by=\"avia_inline_auto\" id=\"style-css-av-9nv89b-cd6b4e0dc4549ea36d17fd048250190d\">\n.flex_column.av-9nv89b-cd6b4e0dc4549ea36d17fd048250190d{\nborder-radius:0px 0px 0px 0px;\npadding:0px 0px 0px 0px;\n}\n<\/style>\n<div  class='flex_column av-9nv89b-cd6b4e0dc4549ea36d17fd048250190d av_one_third  avia-builder-el-7  el_after_av_one_third  avia-builder-el-last  flex_column_div av-zero-column-padding  '     ><p>\n<style type=\"text\/css\" data-created_by=\"avia_inline_auto\" id=\"style-css-av-4qjhfz-c08788d1619a8e9ff58caf2743f813fe\">\n#top .av-special-heading.av-4qjhfz-c08788d1619a8e9ff58caf2743f813fe{\npadding-bottom:10px;\n}\nbody .av-special-heading.av-4qjhfz-c08788d1619a8e9ff58caf2743f813fe .av-special-heading-tag .heading-char{\nfont-size:25px;\n}\n.av-special-heading.av-4qjhfz-c08788d1619a8e9ff58caf2743f813fe .av-subheading{\nfont-size:15px;\n}\n<\/style>\n<div  class='av-special-heading av-4qjhfz-c08788d1619a8e9ff58caf2743f813fe av-special-heading-h4  avia-builder-el-8  el_before_av_textblock  avia-builder-el-first '><h4 class='av-special-heading-tag '  itemprop=\"headline\"  >Trockenlegung von Mauerwerk<\/h4><div class=\"special-heading-border\"><div class=\"special-heading-inner-border\"><\/div><\/div><\/div><br \/>\n<section  class='av_textblock_section av-k9guv2zo-60b39454b90e39d9d234462f02f07539 '   itemscope=\"itemscope\" itemtype=\"https:\/\/schema.org\/CreativeWork\" ><div class='avia_textblock'  itemprop=\"text\" ><ul>\n<li>\u00a0\u00c4u\u00dfere Trockenlegung von Geb\u00e4uden<br \/>\neinschlie\u00dflich D\u00e4mmung der Aussenw\u00e4nde<\/li>\n<li>Verlegen von Drainageleitungen und<br \/>\nSetzen der Drainagesch\u00e4chte am Geb\u00e4ude<\/li>\n<\/ul>\n<\/div><\/section><br \/>\n\n<style type=\"text\/css\" data-created_by=\"avia_inline_auto\" id=\"style-css-av-2jv9kf-6bc42e2b52f4e359c547ed1e92300e07\">\n#top .av-special-heading.av-2jv9kf-6bc42e2b52f4e359c547ed1e92300e07{\npadding-bottom:10px;\n}\nbody .av-special-heading.av-2jv9kf-6bc42e2b52f4e359c547ed1e92300e07 .av-special-heading-tag .heading-char{\nfont-size:25px;\n}\n.av-special-heading.av-2jv9kf-6bc42e2b52f4e359c547ed1e92300e07 .av-subheading{\nfont-size:15px;\n}\n<\/style>\n<div  class='av-special-heading av-2jv9kf-6bc42e2b52f4e359c547ed1e92300e07 av-special-heading-h4  avia-builder-el-10  el_after_av_textblock  el_before_av_textblock '><h4 class='av-special-heading-tag '  itemprop=\"headline\"  >Zusatzleistungen<\/h4><div class=\"special-heading-border\"><div class=\"special-heading-inner-border\"><\/div><\/div><\/div><br \/>\n<section  class='av_textblock_section av-k9guv2zo-60b39454b90e39d9d234462f02f07539 '   itemscope=\"itemscope\" itemtype=\"https:\/\/schema.org\/CreativeWork\" ><div class='avia_textblock'  itemprop=\"text\" ><ul>\n<li>Zaun-und Gel\u00e4nderbau oder Garten-und Landschaftsbau m\u00f6glich<\/li>\n<\/ul>\n<\/div><\/section><\/p><\/div>\n","protected":false},"excerpt":{"rendered":"","protected":false},"author":1,"featured_media":0,"parent":0,"menu_order":0,"comment_status":"closed","ping_status":"closed","template":"","meta":{"footnotes":""},"class_list":["post-3791","page","type-page","status-publish","hentry"],"_links":{"self":[{"href":"https:\/\/meisel-strassenbau.de\/index.php?rest_route=\/wp\/v2\/pages\/3791","targetHints":{"allow":["GET"]}}],"collection":[{"href":"https:\/\/meisel-strassenbau.de\/index.php?rest_route=\/wp\/v2\/pages"}],"about":[{"href":"https:\/\/meisel-strassenbau.de\/index.php?rest_route=\/wp\/v2\/types\/page"}],"author":[{"embeddable":true,"href":"https:\/\/meisel-strassenbau.de\/index.php?rest_route=\/wp\/v2\/users\/1"}],"replies":[{"embeddable":true,"href":"https:\/\/meisel-strassenbau.de\/index.php?rest_route=%2Fwp%2Fv2%2Fcomments&post=3791"}],"version-history":[{"count":8,"href":"https:\/\/meisel-strassenbau.de\/index.php?rest_route=\/wp\/v2\/pages\/3791\/revisions"}],"predecessor-version":[{"id":3867,"href":"https:\/\/meisel-strassenbau.de\/index.php?rest_route=\/wp\/v2\/pages\/3791\/revisions\/3867"}],"wp:attachment":[{"href":"https:\/\/meisel-strassenbau.de\/index.php?rest_route=%2Fwp%2Fv2%2Fmedia&parent=3791"}],"curies":[{"name":"wp","href":"https:\/\/api.w.org\/{rel}","templated":true}]}}